{"id":102,"date":"2019-01-31T08:44:55","date_gmt":"2019-01-31T07:44:55","guid":{"rendered":"http:\/\/bildungszuschuss.ak-vorarlberg.at\/?page_id=102"},"modified":"2023-02-14T11:41:04","modified_gmt":"2023-02-14T10:41:04","slug":"impressum","status":"publish","type":"page","link":"https:\/\/www.bildungszuschuss.at\/?page_id=102","title":{"rendered":"Impressum"},"content":{"rendered":"<div id=\"pl-gb102-69f5b54b81383\"  class=\"panel-layout\" ><div id=\"pg-gb102-69f5b54b81383-0\"  class=\"panel-grid panel-no-style\" ><div id=\"pgc-gb102-69f5b54b81383-0-0\"  class=\"panel-grid-cell\" ><div id=\"panel-gb102-69f5b54b81383-0-0-0\" class=\"so-panel widget widget_sow-editor panel-first-child panel-last-child\" data-index=\"0\" ><div\n\t\t\t\n\t\t\tclass=\"so-widget-sow-editor so-widget-sow-editor-base\"\n\t\t\t\n\t\t>\n<div class=\"siteorigin-widget-tinymce textwidget\">\n\t<p>Die AK Vorarlberg ist Betreiber der Webseite und f\u00fcr die organisatorische Abwicklung des Vorarlberger Bildungszuschuss verantwortlich.<br \/>\nProjektpartner sind Land Vorarlberg, Arbeiterkammer Vorarlberg, Wirtschaftskammer Vorarlberg und AMS.<\/p>\n<p>Offenlegung nach \u00a7 25 Mediengesetz und \u00a7 5 eCommerce-Gesetz<br \/>\nMedieninhaber, Herausgeber und Eigent\u00fcmer<br \/>\nKammer f\u00fcr Arbeiter und Angestellte f\u00fcr Vorarlberg<br \/>\nWidnau 4<br \/>\n6800 Feldkirch<br \/>\nTelefon: +43 (0)50 258-0<br \/>\nE-mail: <a href=\"mailto:mailbox@ak-vorarlberg.at\">mailbox@ak-vorarlberg.at<\/a><\/p>\n<p>Zust\u00e4ndige Aufsichtsbeh\u00f6rde: Bundesministerium f\u00fcr Arbeit und Soziales<br \/>\nAnwendbare Rechtsvorschriften: Bundesgesetz \u00fcber die Kammern f\u00fcr Arbeiter und Angestellte und die Bundeskammer f\u00fcr Arbeiter und Angestellte (Arbeiterkammergesetz 1992 &#8211; AKG), BGBL 626\/1991<\/p>\n<p>Blattlinie: Interessenvertretung<\/p>\n<p>Vertretungsbefugtes Organ: Pr\u00e4sident Bernhard Heinzle<\/p>\n<h3>Haftungsausschluss<\/h3>\n<p>Wir bem\u00fchen uns um Aktualit\u00e4t, Vollst\u00e4ndigkeit und Richtigkeit aller zur Verf\u00fcgung gestellten Informationen. Trotzdem k\u00f6nnen wir keine Gew\u00e4hrleistung und\/oder Haftung \u00fcbernehmen.<\/p>\n<p>Unsere Seiten enthalten Links auf externe Webseiten. Auf die Inhalte dieser verlinkten Webseiten haben wir keinen Einfluss. F\u00fcr die Richtigkeit der Inhalte ist immer der jeweilige Anbieter oder Betreiber verantwortlich. Wir \u00fcbernehmen auch hierf\u00fcr keinerlei Haftung und\/oder Gew\u00e4hrleistung.<\/p>\n<h3>Copyright<\/h3>\n<p>Copyright f\u00fcr alle Beitr\u00e4ge liegen beim Vorarlberger Bildungszuschuss bzw. dem Betreiber AK Vorarlberg.<\/p>\n<p>F\u00fcr einzelne Beitr\u00e4ge und Bildwerke liegen die Rechte bei Autoren und Fotografen, wir verwenden auch Bilder der Agentur <a href=\"http:\/\/stock.adobe.com\">stock.adobe.com<\/a>. Alle Rechte vorbehalten. Eine \u00dcbernahme von Texten bedarf der schriftlichen Zustimmung der AK, eine \u00dcbernahme von Bildern ist ausdr\u00fccklich nicht gestattet.<\/p>\n<\/div>\n<\/div><\/div><\/div><div id=\"pgc-gb102-69f5b54b81383-0-1\"  class=\"panel-grid-cell\" ><div id=\"panel-gb102-69f5b54b81383-0-1-0\" class=\"so-panel widget widget_sow-editor panel-first-child\" data-index=\"1\" ><div class=\"panel-widget-style panel-widget-style-for-gb102-69f5b54b81383-0-1-0\" ><div\n\t\t\t\n\t\t\tclass=\"so-widget-sow-editor so-widget-sow-editor-base\"\n\t\t\t\n\t\t><h3 class=\"widget-title\">Kontakt<\/h3>\n<div class=\"siteorigin-widget-tinymce textwidget\">\n\t<p><strong>So erreichen Sie uns<\/strong><\/p>\n<p><strong>per Mail<\/strong><br \/>\n<a href=\"mailto:info@bildungszuschuss.at?subject=%20Fragen%2C%20W%C3%BCnsche%2C%20Anregungen%20...\">info@bildungszuschuss.at<\/a><\/p>\n<p><strong>per Telefon<\/strong><br \/>\nMontag bis Freitag von 8 bis 12 Uhr und<br \/>\nMontag bis Donnerstag von 13 bis 16 Uhr<\/p>\n<p>Telefon\u00a0<a href=\"http:\/\/tel:+43502584200\/\">+43 (0) 50 258 4200<\/a><\/p>\n<p><strong>per Post<\/strong><br \/>\nArbeiterkammer Vorarlberg<br \/>\nBildungszuschuss<br \/>\nWidnau 4<br \/>\n6800 Feldkirch<\/p>\n<\/div>\n<\/div><\/div><\/div><div id=\"panel-gb102-69f5b54b81383-0-1-1\" class=\"so-panel widget widget_sow-editor panel-last-child\" data-index=\"2\" ><div class=\"panel-widget-style panel-widget-style-for-gb102-69f5b54b81383-0-1-1\" ><div\n\t\t\t\n\t\t\tclass=\"so-widget-sow-editor so-widget-sow-editor-base\"\n\t\t\t\n\t\t><h3 class=\"widget-title\">Links<\/h3>\n<div class=\"siteorigin-widget-tinymce textwidget\">\n\t<ul>\n<li><a href=\"https:\/\/vorarlberg.at\/web\/land-vorarlberg\/\" target=\"_blank\" rel=\"noopener\">Land Vorarlberg<\/a><\/li>\n<li><a href=\"https:\/\/www.wko.at\/\" target=\"_blank\" rel=\"noopener\">Wirtschaftskammer Vorarlberg<\/a><\/li>\n<li><a href=\"http:\/\/www.ak-vorarlberg.at\" target=\"_blank\" rel=\"noopener\">Arbeiterkammer Vorarlberg<\/a><\/li>\n<li><a href=\"https:\/\/www.ams.at\/arbeitsuchende\/aus-und-weiterbildung#vorarlberg\" target=\"_blank\" rel=\"noopener\">AMS Vorarlberg<\/a><\/li>\n<\/ul>\n<\/div>\n<\/div><\/div><\/div><\/div><\/div><\/div>","protected":false},"excerpt":{"rendered":"<p>Die AK Vorarlberg ist Betreiber der Webseite und f\u00fcr die organisatorische Abwicklung des Vorarlberger Bildungszuschuss verantwortlich. Projektpartner sind Land Vorarlberg, Arbeiterkammer Vorarlberg, Wirtschaftskammer Vorarlberg und AMS. Offenlegung nach \u00a7 25 Mediengesetz und \u00a7 5 eCommerce-Gesetz Medieninhaber, Herausgeber und Eigent\u00fcmer Kammer f\u00fcr Arbeiter und Angestellte f\u00fcr Vorarlberg Widnau 4 6800 Feldkirch&#8230;<\/p>\n<p> <a class=\"continue-reading-link\" href=\"https:\/\/www.bildungszuschuss.at\/?page_id=102\"><span>Weiterlesen<\/span><i class=\"crycon-right-dir\"><\/i><\/a> <\/p>\n","protected":false},"author":1,"featured_media":0,"parent":13,"menu_order":0,"comment_status":"closed","ping_status":"closed","template":"","meta":{"footnotes":""},"class_list":["post-102","page","type-page","status-publish","hentry"],"_links":{"self":[{"href":"https:\/\/www.bildungszuschuss.at\/index.php?rest_route=\/wp\/v2\/pages\/102","targetHints":{"allow":["GET"]}}],"collection":[{"href":"https:\/\/www.bildungszuschuss.at\/index.php?rest_route=\/wp\/v2\/pages"}],"about":[{"href":"https:\/\/www.bildungszuschuss.at\/index.php?rest_route=\/wp\/v2\/types\/page"}],"author":[{"embeddable":true,"href":"https:\/\/www.bildungszuschuss.at\/index.php?rest_route=\/wp\/v2\/users\/1"}],"replies":[{"embeddable":true,"href":"https:\/\/www.bildungszuschuss.at\/index.php?rest_route=%2Fwp%2Fv2%2Fcomments&post=102"}],"version-history":[{"count":8,"href":"https:\/\/www.bildungszuschuss.at\/index.php?rest_route=\/wp\/v2\/pages\/102\/revisions"}],"predecessor-version":[{"id":523,"href":"https:\/\/www.bildungszuschuss.at\/index.php?rest_route=\/wp\/v2\/pages\/102\/revisions\/523"}],"up":[{"embeddable":true,"href":"https:\/\/www.bildungszuschuss.at\/index.php?rest_route=\/wp\/v2\/pages\/13"}],"wp:attachment":[{"href":"https:\/\/www.bildungszuschuss.at\/index.php?rest_route=%2Fwp%2Fv2%2Fmedia&parent=102"}],"curies":[{"name":"wp","href":"https:\/\/api.w.org\/{rel}","templated":true}]}}

<div id="pl-gb102-69f5b54b81383"  class="panel-layout" ><div id="pg-gb102-69f5b54b81383-0"  class="panel-grid panel-no-style" ><div id="pgc-gb102-69f5b54b81383-0-0"  class="panel-grid-cell" ><div id="panel-gb102-69f5b54b81383-0-0-0" class="so-panel widget widget_sow-editor panel-first-child panel-last-child" data-index="0" ><div
			
			class="so-widget-sow-editor so-widget-sow-editor-base"
			
		>
<div class="siteorigin-widget-tinymce textwidget">
	<p>Die AK Vorarlberg ist Betreiber der Webseite und für die organisatorische Abwicklung des Vorarlberger Bildungszuschuss verantwortlich.<br />
Projektpartner sind Land Vorarlberg, Arbeiterkammer Vorarlberg, Wirtschaftskammer Vorarlberg und AMS.</p>
<p>Offenlegung nach § 25 Mediengesetz und § 5 eCommerce-Gesetz<br />
Medieninhaber, Herausgeber und Eigentümer<br />
Kammer für Arbeiter und Angestellte für Vorarlberg<br />
Widnau 4<br />
6800 Feldkirch<br />
Telefon: +43 (0)50 258-0<br />
E-mail: <a href="mailto:mailbox@ak-vorarlberg.at">mailbox@ak-vorarlberg.at</a></p>
<p>Zuständige Aufsichtsbehörde: Bundesministerium für Arbeit und Soziales<br />
Anwendbare Rechtsvorschriften: Bundesgesetz über die Kammern für Arbeiter und Angestellte und die Bundeskammer für Arbeiter und Angestellte (Arbeiterkammergesetz 1992 &#8211; AKG), BGBL 626/1991</p>
<p>Blattlinie: Interessenvertretung</p>
<p>Vertretungsbefugtes Organ: Präsident Bernhard Heinzle</p>
<h3>Haftungsausschluss</h3>
<p>Wir bemühen uns um Aktualität, Vollständigkeit und Richtigkeit aller zur Verfügung gestellten Informationen. Trotzdem können wir keine Gewährleistung und/oder Haftung übernehmen.</p>
<p>Unsere Seiten enthalten Links auf externe Webseiten. Auf die Inhalte dieser verlinkten Webseiten haben wir keinen Einfluss. Für die Richtigkeit der Inhalte ist immer der jeweilige Anbieter oder Betreiber verantwortlich. Wir übernehmen auch hierfür keinerlei Haftung und/oder Gewährleistung.</p>
<h3>Copyright</h3>
<p>Copyright für alle Beiträge liegen beim Vorarlberger Bildungszuschuss bzw. dem Betreiber AK Vorarlberg.</p>
<p>Für einzelne Beiträge und Bildwerke liegen die Rechte bei Autoren und Fotografen, wir verwenden auch Bilder der Agentur <a href="http://stock.adobe.com">stock.adobe.com</a>. Alle Rechte vorbehalten. Eine Übernahme von Texten bedarf der schriftlichen Zustimmung der AK, eine Übernahme von Bildern ist ausdrücklich nicht gestattet.</p>
</div>
</div></div></div><div id="pgc-gb102-69f5b54b81383-0-1"  class="panel-grid-cell" ><div id="panel-gb102-69f5b54b81383-0-1-0" class="so-panel widget widget_sow-editor panel-first-child" data-index="1" ><div class="panel-widget-style panel-widget-style-for-gb102-69f5b54b81383-0-1-0" ><div
			
			class="so-widget-sow-editor so-widget-sow-editor-base"
			
		><h3 class="widget-title">Kontakt</h3>
<div class="siteorigin-widget-tinymce textwidget">
	<p><strong>So erreichen Sie uns</strong></p>
<p><strong>per Mail</strong><br />
<a href="mailto:info@bildungszuschuss.at?subject=%20Fragen%2C%20W%C3%BCnsche%2C%20Anregungen%20...">info@bildungszuschuss.at</a></p>
<p><strong>per Telefon</strong><br />
Montag bis Freitag von 8 bis 12 Uhr und<br />
Montag bis Donnerstag von 13 bis 16 Uhr</p>
<p>Telefon <a href="http://tel:+43502584200/">+43 (0) 50 258 4200</a></p>
<p><strong>per Post</strong><br />
Arbeiterkammer Vorarlberg<br />
Bildungszuschuss<br />
Widnau 4<br />
6800 Feldkirch</p>
</div>
</div></div></div><div id="panel-gb102-69f5b54b81383-0-1-1" class="so-panel widget widget_sow-editor panel-last-child" data-index="2" ><div class="panel-widget-style panel-widget-style-for-gb102-69f5b54b81383-0-1-1" ><div
			
			class="so-widget-sow-editor so-widget-sow-editor-base"
			
		><h3 class="widget-title">Links</h3>
<div class="siteorigin-widget-tinymce textwidget">
	<ul>
<li><a href="https://vorarlberg.at/web/land-vorarlberg/" target="_blank" rel="noopener">Land Vorarlberg</a></li>
<li><a href="https://www.wko.at/" target="_blank" rel="noopener">Wirtschaftskammer Vorarlberg</a></li>
<li><a href="http://www.ak-vorarlberg.at" target="_blank" rel="noopener">Arbeiterkammer Vorarlberg</a></li>
<li><a href="https://www.ams.at/arbeitsuchende/aus-und-weiterbildung#vorarlberg" target="_blank" rel="noopener">AMS Vorarlberg</a></li>
</ul>
</div>
</div></div></div></div></div></div>

<p>Die AK Vorarlberg ist Betreiber der Webseite und für die organisatorische Abwicklung des Vorarlberger Bildungszuschuss verantwortlich. Projektpartner sind Land Vorarlberg, Arbeiterkammer Vorarlberg, Wirtschaftskammer Vorarlberg und AMS. Offenlegung nach § 25 Mediengesetz und § 5 eCommerce-Gesetz Medieninhaber, Herausgeber und Eigentümer Kammer für Arbeiter und Angestellte für Vorarlberg Widnau 4 6800 Feldkirch&#8230;</p>
<p> <a class="continue-reading-link" href="https://www.bildungszuschuss.at/?page_id=102"><span>Weiterlesen</span><i class="crycon-right-dir"></i></a> </p>
