{"id":3,"date":"2019-01-24T14:00:19","date_gmt":"2019-01-24T13:00:19","guid":{"rendered":"http:\/\/bildungszuschuss.ak-vorarlberg.at\/?page_id=3"},"modified":"2023-12-12T11:46:29","modified_gmt":"2023-12-12T10:46:29","slug":"datenschutzerklaerung","status":"publish","type":"page","link":"https:\/\/www.bildungszuschuss.at\/?page_id=3","title":{"rendered":"Datenschutzerkl\u00e4rung"},"content":{"rendered":"\n<p><\/p>\n\n\n<div id=\"pl-gb3-69ee1454ece73\"  class=\"panel-layout\" ><div id=\"pg-gb3-69ee1454ece73-0\"  class=\"panel-grid panel-no-style\" ><div id=\"pgc-gb3-69ee1454ece73-0-0\"  class=\"panel-grid-cell\" ><div id=\"panel-gb3-69ee1454ece73-0-0-0\" class=\"so-panel widget widget_sow-editor panel-first-child panel-last-child\" data-index=\"0\" ><div\n\t\t\t\n\t\t\tclass=\"so-widget-sow-editor so-widget-sow-editor-base\"\n\t\t\t\n\t\t>\n<div class=\"siteorigin-widget-tinymce textwidget\">\n\t<p><\/p>\n<p>Der Vorarlberger Bildungszuschuss ist ein gemeinsames Projekt von Land Vorarlberg, Arbeiterkammer Vorarlberg, Wirtschaftskammer Vorarlberg und Bund zur F\u00f6rderung von beruflichen Qualifikationsma\u00dfnahmen.<\/p>\n<p> <\/p>\n<p>Datenschutz ist Vertrauenssache und Ihr Vertrauen ist uns wichtig. Es ist uns daher ein Anliegen, transparent zu arbeiten und dabei die berechtigten Interessen unserer Besucher, Kunden und Mitglieder auf Geheimhaltung ihrer personenbezogenen Daten (kurz: \u201eDaten\u201c) zu sch\u00fctzen. Deshalb informieren wir Sie mit dieser Datenschutzerkl\u00e4rung, wie wir grunds\u00e4tzlich mit Ihren Daten umgehen.<\/p>\n<p> <\/p>\n<p>Die administrative Abwicklung des Bildungszuschuss erfolgt \u00fcber die Arbeiterkammer Vorarlberg. F\u00fcr die Verarbeitung der personenbezogenen Daten, die Sie uns im Rahmen von F\u00f6rderansuchen (Information, Antr\u00e4ge, Emailverkehr) \u00fcbermitteln, gelten die <a href=\"http:\/\/www.ak-vorarlberg.at\/datenschutz\">Datenschutzinformationen der AK Vorarlberg<\/a>. Die wichtigsten Punkte daraus haben wir hier zusammengefasst.<\/p>\n<p> <\/p>\n<h3 id=\"heading_1__Wer_ist_fuer_die_Datenverarbeitung_verantwortlich_und_an_wen_kann_ich_mich_wenden_\">Wer ist f\u00fcr die Datenverarbeitung verantwortlich und an wen kann ich mich wenden?<\/h3>\n<p> <\/p>\n<p>Kammer f\u00fcr Arbeiter und Angestellte f\u00fcr Vorarlberg<br \/>\nWidnau 4<br \/>\n6800 Feldkirch<br \/>\n<a href=\"mailto:kontakt@ak-vorarlberg.at\">kontakt@ak-vorarlberg.at<\/a><br \/>\n+43 (0) 50 258 0<\/p>\n<p> <\/p>\n<h3 id=\"heading_2__Wie_erreiche_ich_den_Datenschutzbeauftragten_\">Wie erreiche ich die Datenschutzbeauftragte?<\/h3>\n<p> <\/p>\n<p>Datenschutzbeauftragte der Arbeiterkammer Vorarlberg<br \/>\ngem. Art. 37 Abs 7 DSGVO<\/p>\n<p> <\/p>\n<p>Mag. Tanja Geier<br \/>\nWidnau 4<br \/>\n6800 Feldkirch<br \/>\nTel. 050\/258-0<br \/>\nFax 050\/258-1001<br \/>\n<a href=\"mailto:datenschutz@ak-vorarlberg.at\">datenschutz@ak-vorarlberg.at<\/a><\/p>\n<p> <\/p>\n<h3 id=\"heading_3__Wo_und_wofuer_verarbeitet_die_AK_personenbezogene_Daten_\">Wo und wof\u00fcr verarbeitet die AK personenbezogene Daten?<\/h3>\n<p> <\/p>\n<p><strong>Wenn Sie sich telefonisch oder per Email mit einem Anliegen an uns wenden:<\/strong><\/p>\n<p> <\/p>\n<p>Die Kammer f\u00fcr Arbeiter und Angestellte f\u00fcr Vorarlberg (AK) bietet telefonische und schriftliche Auskunft und Beratung an. Wir wollen auch Ihnen gerne bei Ihrem Anliegen helfen, daf\u00fcr kann es notwendig sein, personenbezogene Daten zu erfassen und zu verarbeiten.<\/p>\n<p> <\/p>\n<p><strong>Zweck und Rechtsgrundlage der Datenverarbeitung<\/strong><\/p>\n<p> <\/p>\n<p>Ihre personenbezogenen Daten werden von der AK ausschlie\u00dflich zum Zweck der Erteilung von Auskunft und Beratung, derentwegen Sie sich an uns wenden, und zur \u00dcbermittlung von Informationen an Sie verarbeitet. Die Rechtsgrundlage der Verarbeitung sind die Vereinbarung zur Erteilung der gew\u00fcnschten Auskunft, berechtigte Interessen der AK sowie gegebenenfalls Ihre Beziehung zur AK als Mitglied.<\/p>\n<p> <\/p>\n<p><strong>Kategorien der verarbeiteten pers\u00f6nlichen Daten<\/strong><\/p>\n<p> <\/p>\n<p>Die AK verarbeitet nur jene Daten, die Sie uns gegen\u00fcber im Zuge Ihrer Kontaktaufnahme offenlegen. Dazu z\u00e4hlen Ihre Rufnummer, gegebenenfalls Ihre elektronische oder physische Adresse sowie sonstige, von Ihnen \u00fcbermittelte Stammdaten. Ihre Daten werden im Zuge der Auskunft und Beratung nicht an Dritte weitergeleitet.<\/p>\n<p> <\/p>\n<p><strong>Speicherdauer<\/strong><\/p>\n<p> <\/p>\n<p>Die personenbezogenen Daten werden von der AK f\u00fcr die Dauer von gesetzlichen Aufbewahrungspflichten oder Verj\u00e4hrungsfristen aufbewahrt.<\/p>\n<p> <\/p>\n<p><strong>Betroffenenrechte<\/strong><\/p>\n<p> <\/p>\n<p>Das europ\u00e4ische Datenschutzrecht gew\u00e4hrt Ihnen in Hinblick auf unsere Verarbeitung Ihrer personenbezogenen Daten die folgenden Rechte als Betroffene\/r:<\/p>\n<p> <\/p>\n<ul>\n<li>Das Recht auf Auskunft, welche personenbezogenen Daten wir \u00fcber Sie gespeichert haben<\/li>\n<li>Das Recht auf Berichtigung unrichtiger oder unvollst\u00e4ndiger Daten<\/li>\n<li>Das Recht auf L\u00f6schung der Daten, wenn die Gr\u00fcnde f\u00fcr die Rechtm\u00e4\u00dfigkeit der Speicherung weggefallen sind<\/li>\n<li>Das Recht auf Einschr\u00e4nkung der Verarbeitung<\/li>\n<li>Das Recht, unter bestimmten Umst\u00e4nden der Verarbeitung zu widersprechen oder eine erteilte Einwilligung zur Datenverarbeitung zu widerrufen<\/li>\n<li>Das Recht, bei der zust\u00e4ndigen Beh\u00f6rde Beschwerde zu erheben.<\/li>\n<\/ul>\n<p> <\/p>\n<p>Zust\u00e4ndige Beh\u00f6rde in \u00d6sterreich ist die Datenschutzbeh\u00f6rde<\/p>\n<p> <\/p>\n<p>\u00d6sterreichische Datenschutzbeh\u00f6rde<br \/>\nBarichgasse 40-42<br \/>\n1030 Wien<br \/>\n<a href=\"http:\/\/www.dsb.gv.at\/\" target=\"_blank\" rel=\"noreferrer noopener\">http:\/\/www.dsb.gv.at<\/a><br \/>\n<a href=\"mailto:dsb@dsb.gv.at\">dsb@dsb.gv.at<\/a><\/p>\n<p> <\/p>\n<p>Im Falle eines Widerspruchs oder der Einschr\u00e4nkung der Verarbeitung kann es sein, dass eine weitere inhaltliche Bearbeitung Ihrer Angelegenheit nicht mehr m\u00f6glich ist. In diesem Fall werden Sie von diesen Umst\u00e4nden gesondert informiert. Die Rechtm\u00e4\u00dfigkeit der bis zum Zeitpunkt des Widerrufs, des Widerspruchs oder der Einschr\u00e4nkung erfolgten Verarbeitung wird von der jeweiligen Erkl\u00e4rung nicht ber\u00fchrt.<\/p>\n<p> <\/p>\n<h2>Technische Informationen<\/h2>\n<p> <\/p>\n<p>Diese Webseite wurde mit WordPress erstellt und verwendet folgende Plugins:<\/p>\n<p> <\/p>\n<p>SiteOrigin Widgets: Zur Seitengestaltung<\/p>\n<p> <\/p>\n<p>Cookie Notice: Information der User \u00fcber die Cookie-Nutzung und Akzeptanz oder Ablehnung<\/p>\n<p> <\/p>\n<p>WP Statistics: Zur Beobachtung der Inanspruchnahme der Webseite und zur Optimierung der Webseite werden aus den Serverlogs Browserdaten, Herkunftsland und wiederkehrende Besucher erfa\u00dft.<\/p>\n<p> <\/p>\n<p><strong>Website-Besucher: Cookies<\/strong><\/p>\n<p> <\/p>\n<p>Cookies sind kleine Textdateien, die auf dem Computer des Benutzers gespeichert werden, um diesen wiederzuerkennen. So dienen die in den Cookies enthaltenen Informationen der Sitzungssteuerung, insbesondere der Verbesserung der Navigation, beispielsweise der Steuerung der Schriftgr\u00f6\u00dfe, mit der Sie unsere Website sehen k\u00f6nnen. Bei den meisten Web-Browsern werden Cookies automatisch akzeptiert. Durch \u00c4nderung der Einstellungen Ihres Browsers k\u00f6nnen Sie dies vermeiden.\u00a0<strong>Sie k\u00f6nnen auf Ihrem PC gespeicherte Cookies jederzeit durch L\u00f6schen der tempor\u00e4ren Internetdateien (Browserleiste Extras-Internetoptionen) entfernen.\u00a0<\/strong><\/p>\n<p>Wenn Sie unsere Website besuchen, erhalten Sie im oberen Bereich eine Mitteilung und die M\u00f6glichkeit, Cookies anzunehmen oder abzulehnen sowie einen Link zu dieser Datenschutzinformation.<\/p>\n<p> <\/p>\n<p>Sie m\u00f6chten Ihre Cookie-Zustimmung wiederrufen? Klicken Sie<br \/>\n<code><a href=\"#\" class=\"cn-revoke-cookie cn-button-inline cn-revoke-inline button\" title=\"Cookies widerrufen\">Cookies widerrufen<\/a><\/code><\/p>\n<p> <\/p>\n<h3>Serverlogs<\/h3>\n<p> <\/p>\n<p>In den Serverlogs werden die IP-Adresse des Anfragenden Computers, gemeinsam mit dem Datum, der Uhrzeit, der Anfrage, welche Datei angefragt wird (Name und URL), welche Datenmenge an Sie \u00fcbertragen wird, eine Meldung, ob die Anfrage erfolgreich war, Erkennungsdaten des verwendeten Browsers und des verwendeten Betriebssystems, sowie die Website, von der der Zugriff erfolgte (sollte der Zugriff \u00fcber einen Link erfolgen) gespeichert. Die Serverlogs werden gespeichert, um die Systemsicherheit pr\u00fcfen zu k\u00f6nnen, die Website technisch administrieren, sowie das Angebot optimieren zu k\u00f6nnen. Diese Daten werden \u2013 sollte es einen Hackangriff gegeben haben \u2013 an die Strafverfolgungsbeh\u00f6rden weitergeben. Eine dar\u00fcberhinausgehende Weitergabe an Dritte erfolgt nicht.<\/p>\n<p> <\/p>\n<h2>Kontakt<\/h2>\n<p> <\/p>\n<p>Arbeiterkammer Vorarlberg<br \/>\nBildungszuschuss<br \/>\nWidnau 4<br \/>\n6800 Feldkirch<\/p>\n<p> <\/p>\n<p>E-Mail: <a href=\"mailto:info@bildungszuschuss.at\">info@bildungszuschuss.at<\/a><br \/>\nTelefon: +43 (0) 50 258 4200<\/p>\n<p><\/p>\n<\/div>\n<\/div><\/div><\/div><div id=\"pgc-gb3-69ee1454ece73-0-1\"  class=\"panel-grid-cell\" ><div id=\"panel-gb3-69ee1454ece73-0-1-0\" class=\"so-panel widget widget_sow-editor panel-first-child panel-last-child\" data-index=\"1\" ><div class=\"panel-widget-style panel-widget-style-for-gb3-69ee1454ece73-0-1-0\" ><div\n\t\t\t\n\t\t\tclass=\"so-widget-sow-editor so-widget-sow-editor-base\"\n\t\t\t\n\t\t><h3 class=\"widget-title\">Kontakt<\/h3>\n<div class=\"siteorigin-widget-tinymce textwidget\">\n\t<p><strong>So erreichen Sie uns<\/strong><\/p>\n<p><strong>per Mail<\/strong><br \/>\n<a href=\"mailto:info@bildungszuschuss.at?subject=%20Fragen%2C%20W%C3%BCnsche%2C%20Anregungen%20...\">info@bildungszuschuss.at<\/a><\/p>\n<p><strong>per Telefon<\/strong><br \/>\nMontag bis Freitag von 8 bis 12 Uhr und<br \/>\nMontag bis Donnerstag von 13 bis 16 Uhr<\/p>\n<p>Telefon\u00a0<a href=\"http:\/\/tel:+43502584200\/\">+43 (0) 50 258 4200<\/a><\/p>\n<p><strong>per Post<\/strong><br \/>\nArbeiterkammer Vorarlberg<br \/>\nBildungszuschuss<br \/>\nWidnau 4<br \/>\n6800 Feldkirch<\/p>\n<\/div>\n<\/div><\/div><\/div><\/div><\/div><\/div>","protected":false},"excerpt":{"rendered":"<p> <a class=\"continue-reading-link\" href=\"https:\/\/www.bildungszuschuss.at\/?page_id=3\"><span>Weiterlesen<\/span><i class=\"crycon-right-dir\"><\/i><\/a> <\/p>\n","protected":false},"author":1,"featured_media":0,"parent":13,"menu_order":0,"comment_status":"closed","ping_status":"closed","template":"","meta":{"footnotes":""},"class_list":["post-3","page","type-page","status-publish","hentry"],"_links":{"self":[{"href":"https:\/\/www.bildungszuschuss.at\/index.php?rest_route=\/wp\/v2\/pages\/3","targetHints":{"allow":["GET"]}}],"collection":[{"href":"https:\/\/www.bildungszuschuss.at\/index.php?rest_route=\/wp\/v2\/pages"}],"about":[{"href":"https:\/\/www.bildungszuschuss.at\/index.php?rest_route=\/wp\/v2\/types\/page"}],"author":[{"embeddable":true,"href":"https:\/\/www.bildungszuschuss.at\/index.php?rest_route=\/wp\/v2\/users\/1"}],"replies":[{"embeddable":true,"href":"https:\/\/www.bildungszuschuss.at\/index.php?rest_route=%2Fwp%2Fv2%2Fcomments&post=3"}],"version-history":[{"count":17,"href":"https:\/\/www.bildungszuschuss.at\/index.php?rest_route=\/wp\/v2\/pages\/3\/revisions"}],"predecessor-version":[{"id":569,"href":"https:\/\/www.bildungszuschuss.at\/index.php?rest_route=\/wp\/v2\/pages\/3\/revisions\/569"}],"up":[{"embeddable":true,"href":"https:\/\/www.bildungszuschuss.at\/index.php?rest_route=\/wp\/v2\/pages\/13"}],"wp:attachment":[{"href":"https:\/\/www.bildungszuschuss.at\/index.php?rest_route=%2Fwp%2Fv2%2Fmedia&parent=3"}],"curies":[{"name":"wp","href":"https:\/\/api.w.org\/{rel}","templated":true}]}}

Datenschutzerklärung

<p></p>


<div id="pl-gb3-69ee1454ece73"  class="panel-layout" ><div id="pg-gb3-69ee1454ece73-0"  class="panel-grid panel-no-style" ><div id="pgc-gb3-69ee1454ece73-0-0"  class="panel-grid-cell" ><div id="panel-gb3-69ee1454ece73-0-0-0" class="so-panel widget widget_sow-editor panel-first-child panel-last-child" data-index="0" ><div
			
			class="so-widget-sow-editor so-widget-sow-editor-base"
			
		>
<div class="siteorigin-widget-tinymce textwidget">
	<p></p>
<p>Der Vorarlberger Bildungszuschuss ist ein gemeinsames Projekt von Land Vorarlberg, Arbeiterkammer Vorarlberg, Wirtschaftskammer Vorarlberg und Bund zur Förderung von beruflichen Qualifikationsmaßnahmen.</p>
<p> </p>
<p>Datenschutz ist Vertrauenssache und Ihr Vertrauen ist uns wichtig. Es ist uns daher ein Anliegen, transparent zu arbeiten und dabei die berechtigten Interessen unserer Besucher, Kunden und Mitglieder auf Geheimhaltung ihrer personenbezogenen Daten (kurz: „Daten“) zu schützen. Deshalb informieren wir Sie mit dieser Datenschutzerklärung, wie wir grundsätzlich mit Ihren Daten umgehen.</p>
<p> </p>
<p>Die administrative Abwicklung des Bildungszuschuss erfolgt über die Arbeiterkammer Vorarlberg. Für die Verarbeitung der personenbezogenen Daten, die Sie uns im Rahmen von Förderansuchen (Information, Anträge, Emailverkehr) übermitteln, gelten die <a href="http://www.ak-vorarlberg.at/datenschutz">Datenschutzinformationen der AK Vorarlberg</a>. Die wichtigsten Punkte daraus haben wir hier zusammengefasst.</p>
<p> </p>
<h3 id="heading_1__Wer_ist_fuer_die_Datenverarbeitung_verantwortlich_und_an_wen_kann_ich_mich_wenden_">Wer ist für die Datenverarbeitung verantwortlich und an wen kann ich mich wenden?</h3>
<p> </p>
<p>Kammer für Arbeiter und Angestellte für Vorarlberg<br />
Widnau 4<br />
6800 Feldkirch<br />
<a href="mailto:kontakt@ak-vorarlberg.at">kontakt@ak-vorarlberg.at</a><br />
+43 (0) 50 258 0</p>
<p> </p>
<h3 id="heading_2__Wie_erreiche_ich_den_Datenschutzbeauftragten_">Wie erreiche ich die Datenschutzbeauftragte?</h3>
<p> </p>
<p>Datenschutzbeauftragte der Arbeiterkammer Vorarlberg<br />
gem. Art. 37 Abs 7 DSGVO</p>
<p> </p>
<p>Mag. Tanja Geier<br />
Widnau 4<br />
6800 Feldkirch<br />
Tel. 050/258-0<br />
Fax 050/258-1001<br />
<a href="mailto:datenschutz@ak-vorarlberg.at">datenschutz@ak-vorarlberg.at</a></p>
<p> </p>
<h3 id="heading_3__Wo_und_wofuer_verarbeitet_die_AK_personenbezogene_Daten_">Wo und wofür verarbeitet die AK personenbezogene Daten?</h3>
<p> </p>
<p><strong>Wenn Sie sich telefonisch oder per Email mit einem Anliegen an uns wenden:</strong></p>
<p> </p>
<p>Die Kammer für Arbeiter und Angestellte für Vorarlberg (AK) bietet telefonische und schriftliche Auskunft und Beratung an. Wir wollen auch Ihnen gerne bei Ihrem Anliegen helfen, dafür kann es notwendig sein, personenbezogene Daten zu erfassen und zu verarbeiten.</p>
<p> </p>
<p><strong>Zweck und Rechtsgrundlage der Datenverarbeitung</strong></p>
<p> </p>
<p>Ihre personenbezogenen Daten werden von der AK ausschließlich zum Zweck der Erteilung von Auskunft und Beratung, derentwegen Sie sich an uns wenden, und zur Übermittlung von Informationen an Sie verarbeitet. Die Rechtsgrundlage der Verarbeitung sind die Vereinbarung zur Erteilung der gewünschten Auskunft, berechtigte Interessen der AK sowie gegebenenfalls Ihre Beziehung zur AK als Mitglied.</p>
<p> </p>
<p><strong>Kategorien der verarbeiteten persönlichen Daten</strong></p>
<p> </p>
<p>Die AK verarbeitet nur jene Daten, die Sie uns gegenüber im Zuge Ihrer Kontaktaufnahme offenlegen. Dazu zählen Ihre Rufnummer, gegebenenfalls Ihre elektronische oder physische Adresse sowie sonstige, von Ihnen übermittelte Stammdaten. Ihre Daten werden im Zuge der Auskunft und Beratung nicht an Dritte weitergeleitet.</p>
<p> </p>
<p><strong>Speicherdauer</strong></p>
<p> </p>
<p>Die personenbezogenen Daten werden von der AK für die Dauer von gesetzlichen Aufbewahrungspflichten oder Verjährungsfristen aufbewahrt.</p>
<p> </p>
<p><strong>Betroffenenrechte</strong></p>
<p> </p>
<p>Das europäische Datenschutzrecht gewährt Ihnen in Hinblick auf unsere Verarbeitung Ihrer personenbezogenen Daten die folgenden Rechte als Betroffene/r:</p>
<p> </p>
<ul>
<li>Das Recht auf Auskunft, welche personenbezogenen Daten wir über Sie gespeichert haben</li>
<li>Das Recht auf Berichtigung unrichtiger oder unvollständiger Daten</li>
<li>Das Recht auf Löschung der Daten, wenn die Gründe für die Rechtmäßigkeit der Speicherung weggefallen sind</li>
<li>Das Recht auf Einschränkung der Verarbeitung</li>
<li>Das Recht, unter bestimmten Umständen der Verarbeitung zu widersprechen oder eine erteilte Einwilligung zur Datenverarbeitung zu widerrufen</li>
<li>Das Recht, bei der zuständigen Behörde Beschwerde zu erheben.</li>
</ul>
<p> </p>
<p>Zuständige Behörde in Österreich ist die Datenschutzbehörde</p>
<p> </p>
<p>Österreichische Datenschutzbehörde<br />
Barichgasse 40-42<br />
1030 Wien<br />
<a href="http://www.dsb.gv.at/" target="_blank" rel="noreferrer noopener">http://www.dsb.gv.at</a><br />
<a href="mailto:dsb@dsb.gv.at">dsb@dsb.gv.at</a></p>
<p> </p>
<p>Im Falle eines Widerspruchs oder der Einschränkung der Verarbeitung kann es sein, dass eine weitere inhaltliche Bearbeitung Ihrer Angelegenheit nicht mehr möglich ist. In diesem Fall werden Sie von diesen Umständen gesondert informiert. Die Rechtmäßigkeit der bis zum Zeitpunkt des Widerrufs, des Widerspruchs oder der Einschränkung erfolgten Verarbeitung wird von der jeweiligen Erklärung nicht berührt.</p>
<p> </p>
<h2>Technische Informationen</h2>
<p> </p>
<p>Diese Webseite wurde mit WordPress erstellt und verwendet folgende Plugins:</p>
<p> </p>
<p>SiteOrigin Widgets: Zur Seitengestaltung</p>
<p> </p>
<p>Cookie Notice: Information der User über die Cookie-Nutzung und Akzeptanz oder Ablehnung</p>
<p> </p>
<p>WP Statistics: Zur Beobachtung der Inanspruchnahme der Webseite und zur Optimierung der Webseite werden aus den Serverlogs Browserdaten, Herkunftsland und wiederkehrende Besucher erfaßt.</p>
<p> </p>
<p><strong>Website-Besucher: Cookies</strong></p>
<p> </p>
<p>Cookies sind kleine Textdateien, die auf dem Computer des Benutzers gespeichert werden, um diesen wiederzuerkennen. So dienen die in den Cookies enthaltenen Informationen der Sitzungssteuerung, insbesondere der Verbesserung der Navigation, beispielsweise der Steuerung der Schriftgröße, mit der Sie unsere Website sehen können. Bei den meisten Web-Browsern werden Cookies automatisch akzeptiert. Durch Änderung der Einstellungen Ihres Browsers können Sie dies vermeiden. <strong>Sie können auf Ihrem PC gespeicherte Cookies jederzeit durch Löschen der temporären Internetdateien (Browserleiste Extras-Internetoptionen) entfernen. </strong></p>
<p>Wenn Sie unsere Website besuchen, erhalten Sie im oberen Bereich eine Mitteilung und die Möglichkeit, Cookies anzunehmen oder abzulehnen sowie einen Link zu dieser Datenschutzinformation.</p>
<p> </p>
<p>Sie möchten Ihre Cookie-Zustimmung wiederrufen? Klicken Sie<br />
<code><a href="#" class="cn-revoke-cookie cn-button-inline cn-revoke-inline button" title="Cookies widerrufen">Cookies widerrufen</a></code></p>
<p> </p>
<h3>Serverlogs</h3>
<p> </p>
<p>In den Serverlogs werden die IP-Adresse des Anfragenden Computers, gemeinsam mit dem Datum, der Uhrzeit, der Anfrage, welche Datei angefragt wird (Name und URL), welche Datenmenge an Sie übertragen wird, eine Meldung, ob die Anfrage erfolgreich war, Erkennungsdaten des verwendeten Browsers und des verwendeten Betriebssystems, sowie die Website, von der der Zugriff erfolgte (sollte der Zugriff über einen Link erfolgen) gespeichert. Die Serverlogs werden gespeichert, um die Systemsicherheit prüfen zu können, die Website technisch administrieren, sowie das Angebot optimieren zu können. Diese Daten werden – sollte es einen Hackangriff gegeben haben – an die Strafverfolgungsbehörden weitergeben. Eine darüberhinausgehende Weitergabe an Dritte erfolgt nicht.</p>
<p> </p>
<h2>Kontakt</h2>
<p> </p>
<p>Arbeiterkammer Vorarlberg<br />
Bildungszuschuss<br />
Widnau 4<br />
6800 Feldkirch</p>
<p> </p>
<p>E-Mail: <a href="mailto:info@bildungszuschuss.at">info@bildungszuschuss.at</a><br />
Telefon: +43 (0) 50 258 4200</p>
<p></p>
</div>
</div></div></div><div id="pgc-gb3-69ee1454ece73-0-1"  class="panel-grid-cell" ><div id="panel-gb3-69ee1454ece73-0-1-0" class="so-panel widget widget_sow-editor panel-first-child panel-last-child" data-index="1" ><div class="panel-widget-style panel-widget-style-for-gb3-69ee1454ece73-0-1-0" ><div
			
			class="so-widget-sow-editor so-widget-sow-editor-base"
			
		><h3 class="widget-title">Kontakt</h3>
<div class="siteorigin-widget-tinymce textwidget">
	<p><strong>So erreichen Sie uns</strong></p>
<p><strong>per Mail</strong><br />
<a href="mailto:info@bildungszuschuss.at?subject=%20Fragen%2C%20W%C3%BCnsche%2C%20Anregungen%20...">info@bildungszuschuss.at</a></p>
<p><strong>per Telefon</strong><br />
Montag bis Freitag von 8 bis 12 Uhr und<br />
Montag bis Donnerstag von 13 bis 16 Uhr</p>
<p>Telefon <a href="http://tel:+43502584200/">+43 (0) 50 258 4200</a></p>
<p><strong>per Post</strong><br />
Arbeiterkammer Vorarlberg<br />
Bildungszuschuss<br />
Widnau 4<br />
6800 Feldkirch</p>
</div>
</div></div></div></div></div></div>
